oes 20 divide 2848498?
False
Is 1145767 a multiple of 7?
True
Is 11240273 a multiple of 64?
False
Is 3124503 a multiple of 200?
False
Is 8392488 a multiple of 1443?
True
Is 12 a factor of 3730728?
True
Is 1058607 a multiple of 561?
True
Does 10 divide 8768576?
False
Is 52976 a multiple of 77?
True
Is 390026 a multiple of 26?
True
Does 104 divide 1762800?
True
Does 98 divide 8632?
False
Is 4646427 a multiple of 59?
True
Is 1979788 a multiple of 4?
True
Is 4765397 a multiple of 91?
True
Is 52 a factor of 989976?
True
Is 4 a factor of 922273?
False
Is 70 a factor of 64940?
False
Does 37 divide 60857?
False
Does 326 divide 13599742?
True
Is 101 a factor of 645755?
False
Is 14 a factor of 81524?
False
Is 37 a factor of 3271939?
False
Is 4991316 a multiple of 12?
True
Is 98972 a multiple of 93?
False
Is 58 a factor of 6087297?
False
Does 7 divide 298132?
False
Is 7 a factor of 142580?
False
Does 12 divide 10549308?
True
Does 1692 divide 1999944?
True
Is 1090163 a multiple of 19?
True
Is 15 a factor of 3810049?
False
Does 265 divide 21616580?
True
Is 910720 a multiple of 5?
True
Does 12 divide 2052254?
False
Is 3 a factor of 1731040?
False
Does 9 divide 104300?
False
Is 190 a factor of 215584?
False
Does 43 divide 2575399?
True
Does 200 divide 668204?
False
Is 95576 a multiple of 7?
False
Is 165847 a multiple of 28?
False
Does 10 divide 467670?
True
Does 851 divide 1558359?
False
Is 15624776 a multiple of 1084?
True
Is 160472 a multiple of 104?
True
Is 5307250 a multiple of 8?
False
Is 6788441 a multiple of 11?
True
Is 2314293 a multiple of 7?
False
Is 28 a factor of 840129?
False
Is 358 a factor of 327212?
True
Is 155353 a multiple of 487?
True
Does 647 divide 496590?
False
Is 28915 a multiple of 268?
False
Is 29 a factor of 243890?
True
Does 15 divide 773836?
False
Is 151217 a multiple of 59?
True
Does 9 divide 12389562?
True
Does 2 divide 1546695?
False
Is 365 a factor of 162060?
True
Is 9 a factor of 156548?
False
Does 166 divide 1148886?
True
Is 89 a factor of 4863390?
False
Is 285948 a multiple of 169?
True
Is 134796 a multiple of 131?
False
Is 10 a factor of 640100?
True
Is 158518 a multiple of 74?
False
Does 22 divide 36349?
False
Is 153450 a multiple of 396?
False
Is 52 a factor of 552779?
False
Does 14 divide 75948?
False
Is 124 a factor of 5280416?
True
Is 5584176 a multiple of 741?
True
Is 309 a factor of 561144?
True
Does 473 divide 1007017?
True
Does 26 divide 1244223?
False
Is 830 a factor of 956160?
True
Is 1807363 a multiple of 374?
False
Does 39 divide 375167?
False
Does 33 divide 572594?
False
Is 29055 a multiple of 65?
True
Is 533757 a multiple of 53?
False
Is 16 a factor of 846813?
False
Is 1709954 a multiple of 94?
True
Does 18 divide 684792?
True
Does 47 divide 617265?
False
Is 260 a factor of 91212?
False
Does 15 divide 395010?
True
Is 38 a factor of 90554?
True
Is 895294 a multiple of 41?
False
Does 69 divide 6035361?
True
Does 13 divide 33757870?
False
Is 7932 a multiple of 70?
False
Is 2973555 a multiple of 480?
False
Is 5421360 a multiple of 80?
True
Is 2574078 a multiple of 1082?
True
Is 147095 a multiple of 29?
False
Does 128 divide 3070697?
False
Is 5482925 a multiple of 485?
True
Is 256949 a multiple of 11?
True
Does 531 divide 15924690?
True
Is 616284 a multiple of 102?
True
Is 15 a factor of 2716192?
False
Does 6 divide 2061638?
False
Does 50 divide 554822?
False
Does 1440 divide 4935471?
False
Is 429 a factor of 264947?
False
Is 76055 a multiple of 5?
True
Is 129822 a multiple of 154?
True
Is 497636 a multiple of 188?
True
Does 63 divide 569545?
False
Does 17 divide 394424?
False
Is 1888576 a multiple of 736?
True
Does 48 divide 161424?
True
Is 51 a factor of 466877?
False
Is 19 a factor of 1486959?
True
Is 27 a factor of 4191777?
True
Is 20142824 a multiple of 884?
True
Is 2240 a multiple of 2?
True
Does 353 divide 22038618?
False
Is 743787 a multiple of 405?
False
Does 51 divide 400248?
True
Is 64619 a multiple of 69?
False
Is 370 a factor of 3021157?
False
Does 27 divide 859010?
False
Does 781 divide 111971?
False
Is 3332394 a multiple of 6?
True
Is 887 a factor of 5495045?
False
Does 471 divide 5834372?
False
Is 13231363 a multiple of 434?
False
Is 3105732 a multiple of 84?
True
Is 1168 a factor of 4338470?
False
Is 30 a factor of 70530?
True
Is 6 a factor of 438?
True
Does 19 divide 658061?
False
Is 9 a factor of 813267?
True
Does 168 divide 9184988?
False
Is 31 a factor of 3880987?
False
Does 4 divide 75555?
False
Is 112 a factor of 49392?
True
Is 317339 a multiple of 49?
False
Is 30132 a multiple of 372?
True
Does 264 divide 50311?
False
Is 7 a factor of 121294?
False
Is 396779 a multiple of 641?
True
Is 249 a factor of 1325877?
False
Is 256 a factor of 3347219?
False
Is 782601 a multiple of 18?
False
Does 38 divide 1088710?
False
Is 11 a factor of 21644597?
False
Is 397831 a multiple of 172?
False
Is 12 a factor of 2511036?
True
Is 30 a factor of 2807257?
False
Is 2626916 a multiple of 236?
True
Is 116232 a multiple of 348?
True
Is 5 a factor of 69105?
True
Is 2706777 a multiple of 27?
True
Does 210 divide 1276817?
False
Is 234352 a multiple of 194?
True
Is 101 a factor of 6024684?
False
Does 257 divide 338042?
False
Is 2856946 a multiple of 27?
False
Is 734 a factor of 73061?
False
Does 95 divide 64537?
False
Does 514 divide 1055242?
True
Is 45 a factor of 3102577?
False
Does 148 divide 343563?
False
Does 70 divide 32162550?
True
Does 157 divide 10897370?
True
Does 182 divide 1528074?
False
Is 73103 a multiple of 24?
False
Is 8 a factor of 400448?
True
Is 2126632 a multiple of 32?
False
Is 106680 a multiple of 60?
True
Is 10276 a multiple of 4?
True
Does 8 divide 12920512?
True
Does 58 divide 4686252?
False
Does 452 divide 10268060?
False
Is 1323371 a multiple of 214?
False
Does 10 divide 16695532?
False
Does 13 divide 61984?
True
Is 61 a factor of 1286856?
True
Is 114 a factor of 13338?
True
Is 14 a factor of 2154?
False
Is 205 a factor of 99630?
True
Does 21 divide 768292?
False
Is 32 a factor of 741312?
True
Is 3 a factor of 31166?
False
Is 163748 a multiple of 74?
False
Is 614880 a multiple of 140?
True
Does 26 divide 171925?
False
Is 566 a factor of 8640841?
False
Is 14 a factor of 288851?
False
Is 55953 a multiple of 3?
True
Does 39 divide 600873?
True
Is 85824 a multiple of 5?
False
Is 502841 a multiple of 40?
False
Is 2251029 a multiple of 33?
True
Is 28 a factor of 123060?
True
Is 27405 a multiple of 105?
True
Is 84 a factor of 2572752?
True
Is 88338 a multiple of 206?
False
Is 1067212 a multiple of 96?
False
Does 4 divide 201605?
False
Is 17 a factor of 515344?
False
Is 740440 a multiple of 39?
False
Does 3 divide 150304?
False
Is 303 a factor of 198465?
True
Is 268 a factor of 1102905?
False
Does 103 divide 2375202?
False
Is 582199 a multiple of 23?
True
Is 379 a factor of 864878?
True
Is 1572844 a multiple of 29?
True
Is 468206 a multiple of 304?
False
Is 225 a factor of 27675?
True
Is 239 a factor of 1250926?
True
Does 85 divide 25159297?
False
Does 2 divide 24898?
True
Is 61 a factor of 15810?
False
Does 72 divide 20668582?
False
Is 1584650 a multiple of 41?
True
Is 826045 a multiple of 253?
True
Does 43 divide 157939?
True
Is 468227 a multiple of 43?
True
Is 374509 a multiple of 19?
True
Does 18 divide 129582?
True
Does 94 divide 3443314?
True
Is 2065250 a multiple of 25?
True
Does 8 divide 820682?
False
Does 6 divide 742687?
False
Is 28395 a multiple of 5?
True
Is 3317785 a multiple of 589?
False
Does 794 divide 616442?
False
Is 5913000 a multiple of 30?
True
Is 64 a factor of 2961699?
False
Is 173900 a multiple of 19?
False
Is 9 a factor of 65507?
False
Does 16 divide 17773331?
False
Is 4715 a multiple of 10?
False
Is 30 a factor of 67500?
True
Is 15487847 a multiple of 33?
False
Is 12 a factor of 885475?
False
Is 12 a factor of 15660?
True
Is 464094 a multiple of 134?
False
Is 2982640 a multiple of 1055?
False
Does 220 divide 8907800?
True
Is 429092 a multiple of 4?
True
Does 25 divide 174551?
False
Is 95 a factor of 653790?
True
Does 9 divide 1407947?
False
Is 18048 even?
True
Does 32 divide 117856?
True
Does 3 divide 153186?
True
Is 326382 a multiple of 399?
True
Does 26 divide 2220842?
True
Is 239958 a multiple of 8?
False
Is 968534 a multiple of 30?
False
Is 10165793 a multiple of